{"id":86,"date":"2018-07-25T10:19:45","date_gmt":"2018-07-25T10:19:45","guid":{"rendered":"http:\/\/wp.mickerts.de\/?page_id=86"},"modified":"2018-09-05T10:03:55","modified_gmt":"2018-09-05T10:03:55","slug":"kuechen","status":"publish","type":"page","link":"http:\/\/mickerts.de\/?page_id=86","title":{"rendered":"K\u00fcchen"},"content":{"rendered":"\t\t<div data-elementor-type=\"wp-post\" data-elementor-id=\"86\" class=\"elementor elementor-86 elementor-bc-flex-widget\">\n\t\t\t\t\t\t<section class=\"elementor-section elementor-top-section elementor-element elementor-element-7b9f6408 elementor-section-boxed elementor-section-height-default elementor-section-height-default\" data-id=\"7b9f6408\" data-element_type=\"section\">\n\t\t\t\t\t\t<div class=\"elementor-container elementor-column-gap-default\">\n\t\t\t\t\t<div class=\"elementor-column elementor-col-50 elementor-top-column elementor-element elementor-element-6120cf81\" data-id=\"6120cf81\" data-element_type=\"column\">\n\t\t\t<div class=\"elementor-widget-wrap elementor-element-populated\">\n\t\t\t\t\t\t<div class=\"elementor-element elementor-element-58071f56 elementor-widget elementor-widget-text-editor\" data-id=\"58071f56\" data-element_type=\"widget\" data-widget_type=\"text-editor.default\">\n\t\t\t\t<div class=\"elementor-widget-container\">\n\t\t\t\t\t\t\t\t\t<h4><span style=\"font-family: helvetica, arial, sans-serif;\">K\u00fcchen<\/span><\/h4><p><span style=\"font-family: helvetica, arial, sans-serif;\">Belastbar, hygienisch und pflegeleicht.\u00a0Wir bieten passgenaue Situationsl\u00f6sungen durch Materialvielfalt und individuellen Zuschnitt. Die Durchf\u00fchrung von Aufma\u00df bis zur Montage \u00fcbernehmen selbstverst\u00e4ndlich unsere qualifizierten Mitarbeiter.<\/span><\/p><p><span style=\"font-family: helvetica, arial, sans-serif;\">Lassen Sie sich beraten.<\/span><\/p>\t\t\t\t\t\t\t\t<\/div>\n\t\t\t\t<\/div>\n\t\t\t\t\t<\/div>\n\t\t<\/div>\n\t\t\t\t<div class=\"elementor-column elementor-col-50 elementor-top-column elementor-element elementor-element-da87aeb\" data-id=\"da87aeb\" data-element_type=\"column\">\n\t\t\t<div class=\"elementor-widget-wrap elementor-element-populated\">\n\t\t\t\t\t\t<div class=\"elementor-element elementor-element-585d76d elementor-widget elementor-widget-image\" data-id=\"585d76d\" data-element_type=\"widget\" data-widget_type=\"image.default\">\n\t\t\t\t<div class=\"elementor-widget-container\">\n\t\t\t\t\t\t\t\t\t\t\t\t\t\t\t<img fetchpriority=\"high\" decoding=\"async\" width=\"1024\" height=\"768\" src=\"http:\/\/mickerts.de\/wp-content\/uploads\/2018\/09\/img_1172-1024x768.jpg\" class=\"attachment-large size-large wp-image-253\" alt=\"\" srcset=\"http:\/\/mickerts.de\/wp-content\/uploads\/2018\/09\/img_1172-1024x768.jpg 1024w, http:\/\/mickerts.de\/wp-content\/uploads\/2018\/09\/img_1172-300x225.jpg 300w, http:\/\/mickerts.de\/wp-content\/uploads\/2018\/09\/img_1172-768x576.jpg 768w, http:\/\/mickerts.de\/wp-content\/uploads\/2018\/09\/img_1172-120x90.jpg 120w\" sizes=\"(max-width: 1024px) 100vw, 1024px\" \/>\t\t\t\t\t\t\t\t\t\t\t\t\t\t\t<\/div>\n\t\t\t\t<\/div>\n\t\t\t\t\t<\/div>\n\t\t<\/div>\n\t\t\t\t\t<\/div>\n\t\t<\/section>\n\t\t\t\t<section class=\"elementor-section elementor-top-section elementor-element elementor-element-3800266 elementor-section-boxed elementor-section-height-default elementor-section-height-default\" data-id=\"3800266\" data-element_type=\"section\">\n\t\t\t\t\t\t<div class=\"elementor-container elementor-column-gap-default\">\n\t\t\t\t\t<div class=\"elementor-column elementor-col-100 elementor-top-column elementor-element elementor-element-efedd0f\" data-id=\"efedd0f\" data-element_type=\"column\">\n\t\t\t<div class=\"elementor-widget-wrap elementor-element-populated\">\n\t\t\t\t\t\t<div class=\"elementor-element elementor-element-183d274 elementor-widget elementor-widget-image-gallery\" data-id=\"183d274\" data-element_type=\"widget\" data-widget_type=\"image-gallery.default\">\n\t\t\t\t<div class=\"elementor-widget-container\">\n\t\t\t\t\t\t\t<div class=\"elementor-image-gallery\">\n\t\t\t\n\t\t<style type=\"text\/css\">\n\t\t\t#gallery-1 {\n\t\t\t\tmargin: auto;\n\t\t\t}\n\t\t\t#gallery-1 .gallery-item {\n\t\t\t\tfloat: left;\n\t\t\t\tmargin-top: 10px;\n\t\t\t\ttext-align: center;\n\t\t\t\twidth: 33%;\n\t\t\t}\n\t\t\t#gallery-1 img {\n\t\t\t\tborder: 2px solid #cfcfcf;\n\t\t\t}\n\t\t\t#gallery-1 .gallery-caption {\n\t\t\t\tmargin-left: 0;\n\t\t\t}\n\t\t\t\/* see gallery_shortcode() in wp-includes\/media.php *\/\n\t\t<\/style>\n\t\t<div id='gallery-1' class='gallery galleryid-86 gallery-columns-3 gallery-size-medium'><dl class='gallery-item'>\n\t\t\t<dt class='gallery-icon landscape'>\n\t\t\t\t<a data-elementor-open-lightbox=\"yes\" data-elementor-lightbox-slideshow=\"183d274\" data-elementor-lightbox-title=\"img_1176\" data-e-action-hash=\"#elementor-action%3Aaction%3Dlightbox%26settings%3DeyJpZCI6MjU0LCJ1cmwiOiJodHRwOlwvXC9taWNrZXJ0cy5kZVwvd3AtY29udGVudFwvdXBsb2Fkc1wvMjAxOFwvMDlcL2ltZ18xMTc2LmpwZyIsInNsaWRlc2hvdyI6IjE4M2QyNzQifQ%3D%3D\" href='http:\/\/mickerts.de\/wp-content\/uploads\/2018\/09\/img_1176.jpg'><img decoding=\"async\" width=\"300\" height=\"225\" src=\"http:\/\/mickerts.de\/wp-content\/uploads\/2018\/09\/img_1176-300x225.jpg\" class=\"attachment-medium size-medium\" alt=\"\" srcset=\"http:\/\/mickerts.de\/wp-content\/uploads\/2018\/09\/img_1176-300x225.jpg 300w, http:\/\/mickerts.de\/wp-content\/uploads\/2018\/09\/img_1176-768x576.jpg 768w, http:\/\/mickerts.de\/wp-content\/uploads\/2018\/09\/img_1176-1024x768.jpg 1024w, http:\/\/mickerts.de\/wp-content\/uploads\/2018\/09\/img_1176-120x90.jpg 120w\" sizes=\"(max-width: 300px) 100vw, 300px\" \/><\/a>\n\t\t\t<\/dt><\/dl><dl class='gallery-item'>\n\t\t\t<dt class='gallery-icon landscape'>\n\t\t\t\t<a data-elementor-open-lightbox=\"yes\" data-elementor-lightbox-slideshow=\"183d274\" data-elementor-lightbox-title=\"dscn1484\" data-e-action-hash=\"#elementor-action%3Aaction%3Dlightbox%26settings%3DeyJpZCI6MjUyLCJ1cmwiOiJodHRwOlwvXC9taWNrZXJ0cy5kZVwvd3AtY29udGVudFwvdXBsb2Fkc1wvMjAxOFwvMDlcL2RzY24xNDg0LmpwZyIsInNsaWRlc2hvdyI6IjE4M2QyNzQifQ%3D%3D\" href='http:\/\/mickerts.de\/wp-content\/uploads\/2018\/09\/dscn1484.jpg'><img decoding=\"async\" width=\"300\" height=\"225\" src=\"http:\/\/mickerts.de\/wp-content\/uploads\/2018\/09\/dscn1484-300x225.jpg\" class=\"attachment-medium size-medium\" alt=\"\" srcset=\"http:\/\/mickerts.de\/wp-content\/uploads\/2018\/09\/dscn1484-300x225.jpg 300w, http:\/\/mickerts.de\/wp-content\/uploads\/2018\/09\/dscn1484-768x576.jpg 768w, http:\/\/mickerts.de\/wp-content\/uploads\/2018\/09\/dscn1484-1024x768.jpg 1024w, http:\/\/mickerts.de\/wp-content\/uploads\/2018\/09\/dscn1484-120x90.jpg 120w\" sizes=\"(max-width: 300px) 100vw, 300px\" \/><\/a>\n\t\t\t<\/dt><\/dl>\n\t\t\t<br style='clear: both' \/>\n\t\t<\/div>\n\t\t<\/div>\n\t\t\t\t\t\t<\/div>\n\t\t\t\t<\/div>\n\t\t\t\t<div class=\"elementor-element elementor-element-6d5bef6 elementor-widget elementor-widget-spacer\" data-id=\"6d5bef6\" data-element_type=\"widget\" data-widget_type=\"spacer.default\">\n\t\t\t\t<div class=\"elementor-widget-container\">\n\t\t\t\t\t\t\t<div class=\"elementor-spacer\">\n\t\t\t<div class=\"elementor-spacer-inner\"><\/div>\n\t\t<\/div>\n\t\t\t\t\t\t<\/div>\n\t\t\t\t<\/div>\n\t\t\t\t\t<\/div>\n\t\t<\/div>\n\t\t\t\t\t<\/div>\n\t\t<\/section>\n\t\t\t\t<\/div>\n\t\t","protected":false},"excerpt":{"rendered":"<p>K\u00fcchen Belastbar, hygienisch und pflegeleicht.\u00a0Wir bieten passgenaue Situationsl\u00f6sungen durch Materialvielfalt und individuellen Zuschnitt. Die Durchf\u00fchrung von Aufma\u00df bis zur Montage \u00fcbernehmen selbstverst\u00e4ndlich unsere qualifizierten Mitarbeiter. Lassen Sie sich beraten.<\/p>\n","protected":false},"author":1,"featured_media":0,"parent":0,"menu_order":0,"comment_status":"closed","ping_status":"closed","template":"","meta":{"footnotes":""},"class_list":["post-86","page","type-page","status-publish","hentry"],"_links":{"self":[{"href":"http:\/\/mickerts.de\/index.php?rest_route=\/wp\/v2\/pages\/86","targetHints":{"allow":["GET"]}}],"collection":[{"href":"http:\/\/mickerts.de\/index.php?rest_route=\/wp\/v2\/pages"}],"about":[{"href":"http:\/\/mickerts.de\/index.php?rest_route=\/wp\/v2\/types\/page"}],"author":[{"embeddable":true,"href":"http:\/\/mickerts.de\/index.php?rest_route=\/wp\/v2\/users\/1"}],"replies":[{"embeddable":true,"href":"http:\/\/mickerts.de\/index.php?rest_route=%2Fwp%2Fv2%2Fcomments&post=86"}],"version-history":[{"count":5,"href":"http:\/\/mickerts.de\/index.php?rest_route=\/wp\/v2\/pages\/86\/revisions"}],"predecessor-version":[{"id":256,"href":"http:\/\/mickerts.de\/index.php?rest_route=\/wp\/v2\/pages\/86\/revisions\/256"}],"wp:attachment":[{"href":"http:\/\/mickerts.de\/index.php?rest_route=%2Fwp%2Fv2%2Fmedia&parent=86"}],"curies":[{"name":"wp","href":"https:\/\/api.w.org\/{rel}","templated":true}]}}